= -z**2 + 168. Let j be t(f). Suppose -2*r + 4*r - j = 0. What is the greatest common factor of 12 and r?
12
Suppose 3*b = 19 + 2. Let y = b + -3. What is the highest common factor of 4 and y?
4
Let i = 90 + -54. Calculate the highest common divisor of i and 288.
36
Suppose -4*l + 25 + 23 = 2*a, -2*l + 96 = 5*a. What is the highest common factor of a and 6?
6
Let w be 2*(1 + (90 - -1)). What is the greatest common divisor of w and 23?
23
Suppose -3*i + 380 = -4*s, -i - 4*s + s + 144 = 0. Calculate the greatest common divisor of i and 22.
22
Let f(i) = -i**2 + 11*i - 6. Let y be f(9). Let j(m) = -m + 8. Let d be j(6). Let o be 51/9 + d/6. Calculate the highest common factor of o and y.
6
Let a be (-2)/4*(6 + -6). Suppose a = -4*c + 79 + 33. Suppose 5*w - c = 3*w. What is the greatest common factor of 56 and w?
14
Let j be (3/(-2))/((-24)/160). Let v be 812/j - 3/15. Calculate the highest common divisor of v and 27.
27
Suppose 3*g + p = -7, 3*p - 2*p - 9 = 5*g. Let a be 8/g*(-18)/8. Let b(d) = 13*d - 5. Let w be b(8). Calculate the highest common divisor of w and a.
9
Let o = -289 + 534. What is the greatest common factor of 35 and o?
35
Let s(f) = f + 10. Let r be s(-10). Suppose r*j - 18 = -j. What is the greatest common factor of 45 and j?
9
Let l(a) = 7*a**3 + a**2 + a + 1. Let r be l(-1). Let v be r/(-21) + (-242)/14. Let i = v - -31. Calculate the highest common divisor of 154 and i.
14
Let h be ((-32)/(-24))/(4/6). Suppose -h*a = -5*a + 4*w + 192, w = -2*a + 128. What is the highest common divisor of a and 8?
8
Let j(i) be the third derivative of i**5/60 + i**4/24 + 5*i**3/6 - i**2. Let o be j(-4). Calculate the greatest common divisor of o and 136.
17
Let y be (25/10)/((-2)/(-16)). Suppose q = y + 92. What is the greatest common factor of q and 16?
16
Suppose -3*f = -0*f - 5*j - 177, -f = 4*j - 42. Let h = 831 + -795. Calculate the greatest common factor of h and f.
18
Let h(l) = -l**3 - 7*l**2 + 4*l + 10. Let k be h(-8). Suppose 0*m - 3*m - 18 = 0. Let f be (-38)/m + 6/(-18). Calculate the greatest common factor of k and f.
6
Suppose 0 = 3*j + 3*n - 72, -5*n + 20 + 0 = 0. Let r = -12 + j. Calculate the greatest common divisor of r and 2.
2
Suppose 0 = -2*a + 3*a - 4. Calculate the highest common factor of a and 4.
4
Let t(r) = -3*r**2 + r. Let f be t(1). Let v = f - 1. Let n be (9/(-4))/(v/72). Calculate the greatest common factor of 9 and n.
9
Let z(g) = 2*g**2 + 6*g + 10. Let t be z(-4). Calculate the greatest common factor of 126 and t.
18
Let v(w) = 3*w + 3. Let m be v(-2). Let o = m + 7. Suppose p + 94 = 5*p - x, -p + o*x = -16. What is the highest common divisor of p and 36?
12
Let m = 105 + -72. Calculate the highest common factor of 264 and m.
33
Suppose -3*l + 38 + 0 = g, 4 = -g. Calculate the greatest common factor of l and 28.
14
Let z = -45 + 67. Suppose z*y + 4 = 26*y. Calculate the greatest common factor of y and 5.
1
Suppose 2*m - 56 = -16. Let o be (-3)/(-2)*(-280)/(-3). What is the greatest common divisor of o and m?
20
Let h = 12 - 4. Suppose 10*f - 48 = 9*f. Calculate the greatest common divisor of h and f.
8
Let h = -1 + 2. Suppose 5*s - h = 2*l - 5*l, -4*l - 2*s = 22. Let i be (l/(-3))/(1/27). Calculate the highest common factor of 48 and i.
24
Let z = -116 - -204. Calculate the highest common factor of 8 and z.
8
Let n be 8/(-10)*(0 - -5). Let o = -2 - n. Suppose -f = c - 1, 2*f = -o*c + f + 3. What is the greatest common divisor of c and 6?
2
Let w = -7 - -10. Let q(j) = -j**3 + 3*j**2 + j - 1. Let d be q(w). Calculate the greatest common factor of d and 2.
2
Let g = 15 + -12. Calculate the highest common divisor of 6 and g.
3
Suppose -4*n - r + 60 = -5*r, -2*r = -4*n + 50. What is the greatest common factor of 10 and n?
10
Suppose -3*s + 2 = 2*f - 23, s = 4*f - 57. Suppose -6*h - f = -8*h. What is the highest common divisor of h and 35?
7
Suppose -h + 63 + 23 = 2*g, -2*g + 110 = -5*h. What is the highest common divisor of 5 and g?
5
Let x(h) = h**3 - 2*h**2 + 6*h - 3. Let b be x(5). Suppose 6*s - 68 = 2*s + 5*t, 5*s - b = 2*t. Calculate the greatest common factor of s and 2.
2
Let m(u) = u**2 + 5*u. Let p be m(-9). Calculate the greatest common divisor of 9 and p.
9
Let j be (-2)/11 + (-112)/(-11). Let v be (6/2)/(-3)*4. Let u = v + 9. Calculate the highest common divisor of j and u.
5
Suppose 6*j = 8*j - 112. Let k be 75/11 + 6/33. Calculate the highest common factor of k and j.
7
Suppose 2*k = -3*v + 9, -3*k + 5*v + 1 + 3 = 0. What is the highest common factor of k and 24?
3
Let v(a) = 9*a**2 + 2*a + 4. Let q be v(-2). Calculate the highest common divisor of 12 and q.
12
Suppose 19 = -c + 113. Calculate the greatest common divisor of 235 and c.
47
Let i = 3 - -3. Let n = 18 - i. Let b(w) = w - 3. Let a be b(6). Calculate the highest common divisor of a and n.
3
Suppose -60 = -0*q - 5*q. Let s be (q - -1) + 1/1. Calculate the greatest common divisor of s and 70.
14
Let i be 4*1*(14/4 + -3). What is the highest common divisor of 3 and i?
1
Suppose 33 = p + 3*l, -6*p - 5*l = -p - 135. What is the greatest common divisor of p and 16?
8
Suppose 0 = 3*z + 5*u - 57, -z - 5 = 4*u - 31. Suppose -5*f = -11 - 4. Suppose 11 = -o - 3*i, f*i = o + o - z. What is the greatest common factor of 8 and o?
1
Let x(l) = l**2 + 12*l + 3. Let n be x(-12). Suppose 1 = n*g - 47. Let j be 10/(-15) + (-14)/(-3). What is the highest common factor of g and j?
4
Suppose -4*i + 5*i = 92. What is the greatest common factor of i and 23?
23
Let u(d) = d**3 + d**2 - 5*d + 3. Let l be u(5). Suppose -a = 2*c + 4*a - l, -256 = -4*c + 3*a. Calculate the highest common divisor of c and 16.
16
Suppose -2*n + 4 + 4 = 0. Suppose -3 + 39 = n*r. Let t = -126 + 198. What is the highest common factor of t and r?
9
Let t(v) = 2*v. Let f be 21*(-1)/6*-2. Let j be t(f). Calculate the highest common factor of 70 and j.
14
Let y be (-4)/(-10) - 323/(-5). Let n be (-6)/2 + (-8)/1 + 37. Calculate the greatest common divisor of n and y.
13
Let f(u) = -3*u + 5. Let a be f(8). Let m = a - -27. Let h be 8*(-1 - (-4 - 1)). What is the highest common factor of h and m?
8
Let l be (-3 + 2)/(5/(-15)). Suppose -l*v - 19 + 163 = 0. Let p = 21 - 9. What is the greatest common divisor of p and v?
12
Let d = 188 + -92. What is the highest common factor of 12 and d?
12
Suppose s = 3*s - 224. What is the highest common factor of s and 28?
28
Let v(s) = s**3 - 4*s**2 + 3*s. Let h be v(3). Suppose -4*r + 249 + 167 = h. Calculate the greatest common divisor of 13 and r.
13
Let i(l) = -2*l + 10. Let q be i(5). Suppose m + 8 + 5 = -4*v, m - v - 12 = q. What is the highest common divisor of m and 7?
7
Suppose 1 - 85 = -6*j. Calculate the greatest common factor of j and 98.
14
Let o = 943 + -438. Suppose z - 10 = 3*z, -o = -5*d + z. Calculate the greatest common divisor of d and 20.
20
Suppose 7 = 5*d - 8. Suppose -2*r - r = 3*k, -5*k - r = -20. Let b(p) = p**3 - 4*p**2 - p + 7. Let l be b(k). Calculate the greatest common factor of d and l.
3
Let m be -2*(-1)/(-2)*4/(-1). Suppose 2*z + 3*u = -0*z + 4, -2*z - 4*u = 0. Let s be z/6*(3 - -24). What is the greatest common factor of m and s?
4
Suppose -3*r = 8 - 29. Let d(n) = -n**3 + 8*n**2 + n - 6. Let s be d(r). Let q = 6 - 1. What is the greatest common factor of q and s?
5
Let d(p) = p**2 + 2*p - 1. Let n be d(3). Suppose 5*s - 399 = -49. What is the highest common factor of s and n?
14
Let y be (-4)/22 - 72/(-33). Suppose 2*x - y*u - 19 = x, -u + 13 = 2*x. Calculate the highest common factor of 36 and x.
9
Let b be (6 - 0)*12/2. Suppose b = 2*d + 12. Let z be (d/(-5))/((-1)/5). What is the highest common factor of 108 and z?
12
Let c = -76 - -136. Calculate the greatest common factor of 24 and c.
12
Let j be (36/8)/(33/(-18) + 2). Calculate the greatest common divisor of 54 and j.
27
Let g = -6 - -10. Suppose -31 = -g*m - 3. What is the greatest common divisor of m and 49?
7
Let m be (16 + 2)/((-9)/(-12)). What is the highest common divisor of m and 12?
12
Suppose 0 = -5*x + 14 + 1. Calculate the highest common factor of x and 12.
3
Suppose b + 132 = 5*b. Calculate the highest common divisor of b and 11.
11
Suppose -4*o = -2*o. Suppose o*c = -c + 2. Calculate the greatest common divisor of c and 4.
2
Let j(o) = o - 6. Let u be j